e number?
True
Is 524972627 a composite number?
True
Is 185347493 a prime number?
True
Is 300128987 composite?
False
Is 96135388183 prime?
False
Is 559162069 a composite number?
False
Is 1863831743 composite?
False
Is 375818197 prime?
False
Is 1804845157 composite?
False
Is 1293646427 a prime number?
True
Is 11995613327 composite?
True
Is 4465041043 composite?
False
Is 3685499347 a composite number?
False
Is 8528427007 a composite number?
False
Is 20805188017 a prime number?
True
Is 149902062599 a prime number?
True
Is 59824814253 a composite number?
True
Is 5651001497 a prime number?
False
Is 3639238661 a composite number?
False
Is 913304551 composite?
False
Is 3262822067 composite?
True
Is 2088023009 composite?
True
Is 34916662177 a composite number?
False
Is 3362385569 prime?
True
Is 19415469334 composite?
True
Is 697531793 prime?
False
Is 3987449407 a composite number?
True
Is 1067760103 prime?
False
Is 1123616579 a composite number?
False
Is 4111054039 a composite number?
True
Is 4881956153 a composite number?
False
Is 130817989 a composite number?
False
Is 492780469 a composite number?
True
Is 5399714395 a prime number?
False
Is 94067553593 a composite number?
True
Is 41225866897 composite?
False
Is 590050207 prime?
False
Is 266690189303 a prime number?
True
Is 1883823197 a prime number?
True
Is 202683529 prime?
False
Is 94797733 a composite number?
True
Is 892186921 a composite number?
False
Is 23254928999 prime?
False
Is 105169940339 a composite number?
True
Is 6328961329 a composite number?
True
Is 639553417 a composite number?
False
Is 2525302279 composite?
True
Is 563576471 composite?
True
Is 8189662163 composite?
False
Is 18244402277 a composite number?
False
Is 2481912287 a composite number?
False
Is 6155241893 prime?
False
Is 63172155863 prime?
False
Is 24230568953 prime?
False
Is 15443128417 prime?
True
Is 2197693249 prime?
True
Is 29264569591 a composite number?
True
Is 1367656439 composite?
False
Is 2808250997 a composite number?
True
Is 1303138481 prime?
True
Is 35636833 a prime number?
False
Is 4281300421 composite?
True
Is 125781515567 prime?
True
Is 384513341 prime?
True
Is 6647740529 a composite number?
False
Is 5036451269 composite?
False
Is 361380979 a prime number?
False
Is 143957182513 a prime number?
False
Is 2059083839 a prime number?
False
Is 432503105 composite?
True
Is 2050180763 composite?
True
Is 3271156601 a prime number?
False
Is 1195514591 prime?
False
Is 434908807 a prime number?
False
Is 438561103 a composite number?
False
Is 41489225249 a composite number?
False
Is 16871598973 a composite number?
False
Is 40765821023 prime?
False
Is 3471397859 a prime number?
False
Is 6078726271 a composite number?
False
Is 10885478449 a prime number?
True
Is 692912789 a prime number?
False
Is 978293471 a prime number?
False
Is 17954181199 prime?
False
Is 1140494347 prime?
True
Is 455794307 a prime number?
True
Is 384806777 prime?
True
Is 94038977 a composite number?
False
Is 11565066551 a composite number?
False
Is 9524560877 prime?
False
Is 500294231 composite?
False
Is 13786083349 prime?
True
Is 78003307 a composite number?
False
Is 9972847183 a prime number?
False
Is 1120181507 a composite number?
False
Is 37062741031 composite?
False
Is 7698366619 a prime number?
True
Is 759052381 a prime number?
True
Is 2485440047 a prime number?
False
Is 508717909 prime?
False
Is 1562361991 prime?
True
Is 37202947 composite?
True
Is 656695541 a prime number?
False
Is 128173643 prime?
False
Is 33569434621 prime?
False
Is 2024611795 composite?
True
Is 95842843 a composite number?
True
Is 3615355631 prime?
True
Is 1210528447 composite?
False
Is 19778351 a prime number?
False
Is 46371789439 a composite number?
True
Is 14764892183 a composite number?
False
Is 6705755521 a prime number?
False
Is 142345281721 a composite number?
True
Is 65418275869 composite?
True
Is 93816883 a composite number?
False
Is 20954588659 composite?
True
Is 431603729 a prime number?
True
Is 1540444649 a composite number?
True
Is 28451783095 a prime number?
False
Is 2679829571 composite?
False
Is 6443408533 a prime number?
True
Is 12160079 a prime number?
False
Is 744774857 composite?
False
Is 12732941579 a prime number?
False
Is 46838257 a composite number?
False
Is 958420493 a prime number?
False
Is 607352843 a composite number?
True
Is 370048967 composite?
False
Is 1399024993 composite?
False
Is 63434532027 a prime number?
False
Is 712135009 composite?
False
Is 2530248499 a prime number?
False
Is 380927494555 prime?
False
Is 6289655891 prime?
False
Is 12161630521 a composite number?
True
Is 785262811 a composite number?
False
Is 459158113 composite?
False
Is 724177207 composite?
True
Is 3352263071 prime?
True
Is 34384965077 a composite number?
True
Is 5296616621 composite?
False
Is 15407303673 a composite number?
True
Is 1922461517 prime?
True
Is 4349568287 a prime number?
True
Is 744144641 composite?
False
Is 29563048583 a composite number?
False
Is 296253851 prime?
True
Is 3602954837 a composite number?
False
Is 898924907 prime?
True
Is 3469294937 prime?
True
Is 37293426697 a composite number?
True
Is 3368632031 prime?
False
Is 35972114183 a prime number?
True
Is 188110411 composite?
False
Is 51241121 a composite number?
False
Is 359003627 a prime number?
True
Is 3289236065 composite?
True
Is 52758845591 a prime number?
True
Is 10188242534 a prime number?
False
Is 158475437 a composite number?
True
Is 1452245143 a composite number?
False
Is 1633476697 composite?
True
Is 10140921173 a prime number?
False
Is 9692998709 prime?
True
Is 49435511 a composite number?
True
Is 30710073389 a composite number?
False
Is 4494104647 prime?
True
Is 6369864289 prime?
False
Is 18568243621 composite?
False
Is 10122955681 a composite number?
True
Is 3896121563 a prime number?
True
Is 14069060171 a prime number?
True
Is 45882917933 a prime number?
True
Is 51224103013 a composite number?
True
Is 5934502339 a composite number?
True
Is 3191766469 prime?
False
Is 124877383 prime?
True
Is 1818345169 a prime number?
False
Is 8185088929 a prime number?
False
Is 972961649 a prime number?
False
Is 943612273 composite?
False
Is 139085579 prime?
True
Is 8052664513 composite?
True
Is 3532328237 composite?
False
Is 722049983 a prime number?
True
Is 81439811 prime?
True
Is 1000208101 prime?
False
Is 20553654487 a prime number?
True
Is 528170663 a prime number?
True
Is 575175737 a composite number?
False
Is 48731860241 composite?
True
Is 16110720557 prime?
True
Is 2275191755 prime?
False
Is 8349110899 prime?
True
Is 759506333 a prime number?
True
Is 884498291 prime?
False
Is 501827873 a prime number?
True
Is 608490269 prime?
True
Is 1717726589 a prime number?
True
Is 315350089999 prime?
False
Is 129563929 a composite number?
True
Is 1925216849 prime?
True
Is 318523333 prime?
False
Is 8360895727 composite?
False
Is 650462669 composite?
True
Is 18932774669 a prime number?
True
Is 31622060479 composite?
False
Is 460689178729 composite?
True
Is 18823872835 a prime number?
False
Is 513863989 prime?
True
Is 21947032291 a composite number?
False
Is 34399904431 a prime number?
False
Is 64744538289 a prime number?
False
Is 1516074627 a composite number?
True
Is 5906463737 a composite number?
False
Is 30647434999 a composite number?
False
Is 6556355423 a composite number?
False
Is 6493080439 prime?
True
Is 30333159457 prime?
True
Is 659120461 prime?
True
Is 1618060607 a prime number?
True
Is 4116302761 composite?
True
Is 2864102515 a composite number?
True
Is 246905388887 composite?
False
Is 314284591 prime?
True
Is 21107013163 composite?
False
Is 44193578087 a prime number?
False
Is 1639798637 prime?
True
Is 2974617341 a prime number?
True
Is 469646603 prime?
True
Is 21677238749 prime?
False
Is 26453890769 composite?
False
Is 1008440933 a prime number?
False
Is 84816737 composite?
False
Is 62564054921 a prime number?
True
Is 30188249893 prime?
False
Is 11342095727 composite?
False
Is 75802081471 a prime number?
True
Is 545347589 a prime number?
False
Is 12336907823 a prime number?
True
Is 4020163139 prime?
False
Is 1715057453 a composite number?
True
Is 13515979 a prime number?
True
Is 534484283 a composite number?
True
Is 3199082759 a prime number?
True
Is 521559123 prime?
False
Is 144054041 a 